[INFO] cloning repository https://github.com/gterzian/workflow_executor
[INFO] running `Command { std: "git" "-c" "credential.helper=" "-c" "credential.helper=/workspace/cargo-home/bin/git-credential-null" "clone" "--bare" "https://github.com/gterzian/workflow_executor" "/workspace/cache/git-repos/https%3A%2F%2Fgithub.com%2Fgterzian%2Fworkflow_executor", kill_on_drop: false }`
[INFO] [stderr] Cloning into bare repository '/workspace/cache/git-repos/https%3A%2F%2Fgithub.com%2Fgterzian%2Fworkflow_executor'...
[INFO] running `Command { std: "git" "rev-parse" "HEAD", kill_on_drop: false }`
[INFO] [stdout] d0ce8e2068ae16b118de72d48794887fe454ee6d
[INFO] checking gterzian/workflow_executor against master#af3c6e733a40e671550e0f0f5aeecaa13772ba56 for pr-74989
[INFO] running `Command { std: "git" "clone" "/workspace/cache/git-repos/https%3A%2F%2Fgithub.com%2Fgterzian%2Fworkflow_executor" "/workspace/builds/worker-7/source", kill_on_drop: false }`
[INFO] [stderr] Cloning into '/workspace/builds/worker-7/source'...
[INFO] [stderr] done.
[INFO] validating manifest of git repo https://github.com/gterzian/workflow_executor on toolchain af3c6e733a40e671550e0f0f5aeecaa13772ba56
[INFO] running `Command { std: "/workspace/cargo-home/bin/cargo" "+af3c6e733a40e671550e0f0f5aeecaa13772ba56" "read-manifest" "--manifest-path" "Cargo.toml", kill_on_drop: false }`
[INFO] started tweaking git repo https://github.com/gterzian/workflow_executor
[INFO] finished tweaking git repo https://github.com/gterzian/workflow_executor
[INFO] tweaked toml for git repo https://github.com/gterzian/workflow_executor written to /workspace/builds/worker-7/source/Cargo.toml
[INFO] crate git repo https://github.com/gterzian/workflow_executor already has a lockfile, it will not be regenerated
[INFO] running `Command { std: "/workspace/cargo-home/bin/cargo" "+af3c6e733a40e671550e0f0f5aeecaa13772ba56" "fetch" "--locked" "--manifest-path" "Cargo.toml", kill_on_drop: false }`
[INFO] running `Command { std: "docker" "create" "-v" "/var/lib/crater-agent-workspace/builds/worker-7/target:/opt/rustwide/target:rw,Z" "-v" "/var/lib/crater-agent-workspace/builds/worker-7/source:/opt/rustwide/workdir:ro,Z" "-v" "/var/lib/crater-agent-workspace/cargo-home:/opt/rustwide/cargo-home:ro,Z" "-v" "/var/lib/crater-agent-workspace/rustup-home:/opt/rustwide/rustup-home:ro,Z" "-e" "SOURCE_DIR=/opt/rustwide/workdir" "-e" "CARGO_TARGET_DIR=/opt/rustwide/target" "-e" "CARGO_HOME=/opt/rustwide/cargo-home" "-e" "RUSTUP_HOME=/opt/rustwide/rustup-home" "-w" "/opt/rustwide/workdir" "-m" "1610612736" "--user" "0:0" "--network" "none" "rustops/crates-build-env@sha256:d92eaeed33fa75130ca1ee6c8a01d1ffb62bac859dfdfb3450e3e5d1c0146529" "/opt/rustwide/cargo-home/bin/cargo" "+af3c6e733a40e671550e0f0f5aeecaa13772ba56" "metadata" "--no-deps" "--format-version=1", kill_on_drop: false }`
[INFO] [stdout] 301287fee560aecce8a8728aff6bd4bef177d1e81b98a81ca8dcad3588983267
[INFO] [stderr] WARNING: Your kernel does not support swap limit capabilities or the cgroup is not mounted. Memory limited without swap.
[INFO] running `Command { std: "docker" "start" "-a" "301287fee560aecce8a8728aff6bd4bef177d1e81b98a81ca8dcad3588983267", kill_on_drop: false }`
[INFO] running `Command { std: "docker" "inspect" "301287fee560aecce8a8728aff6bd4bef177d1e81b98a81ca8dcad3588983267", kill_on_drop: false }`
[INFO] running `Command { std: "docker" "rm" "-f" "301287fee560aecce8a8728aff6bd4bef177d1e81b98a81ca8dcad3588983267", kill_on_drop: false }`
[INFO] [stdout] 301287fee560aecce8a8728aff6bd4bef177d1e81b98a81ca8dcad3588983267
[INFO] running `Command { std: "docker" "create" "-v" "/var/lib/crater-agent-workspace/builds/worker-7/target:/opt/rustwide/target:rw,Z" "-v" "/var/lib/crater-agent-workspace/builds/worker-7/source:/opt/rustwide/workdir:ro,Z" "-v" "/var/lib/crater-agent-workspace/cargo-home:/opt/rustwide/cargo-home:ro,Z" "-v" "/var/lib/crater-agent-workspace/rustup-home:/opt/rustwide/rustup-home:ro,Z" "-e" "SOURCE_DIR=/opt/rustwide/workdir" "-e" "CARGO_TARGET_DIR=/opt/rustwide/target" "-e" "CARGO_INCREMENTAL=0" "-e" "RUST_BACKTRACE=full" "-e" "RUSTFLAGS=--cap-lints=forbid" "-e" "CARGO_HOME=/opt/rustwide/cargo-home" "-e" "RUSTUP_HOME=/opt/rustwide/rustup-home" "-w" "/opt/rustwide/workdir" "-m" "1610612736" "--user" "0:0" "--network" "none" "rustops/crates-build-env@sha256:d92eaeed33fa75130ca1ee6c8a01d1ffb62bac859dfdfb3450e3e5d1c0146529" "/opt/rustwide/cargo-home/bin/cargo" "+af3c6e733a40e671550e0f0f5aeecaa13772ba56" "check" "--frozen" "--all" "--all-targets" "--message-format=json", kill_on_drop: false }`
[INFO] [stderr] WARNING: Your kernel does not support swap limit capabilities or the cgroup is not mounted. Memory limited without swap.
[INFO] [stdout] 53a72fa1ec133d5d2f11848741c5c48530f2d24d14b02862038d20222372b033
[INFO] running `Command { std: "docker" "start" "-a" "53a72fa1ec133d5d2f11848741c5c48530f2d24d14b02862038d20222372b033", kill_on_drop: false }`
[INFO] [stderr]     Checking workflow v0.1.0 (/opt/rustwide/workdir)
[INFO] [stdout] error[E0432]: unresolved import `std::sync::mpsc::Select`
[INFO] [stdout]  --> src/main.rs:5:23
[INFO] [stdout]   |
[INFO] [stdout] 5 | use std::sync::mpsc::{Select, Sender, Receiver, channel};
[INFO] [stdout]   |                       ^^^^^^ no `Select` in `sync::mpsc`
[INFO] [stdout] 
[INFO] [stdout] 
[INFO] [stdout] error[E0432]: unresolved import `std::sync::mpsc::Select`
[INFO] [stdout]  --> src/main.rs:5:23
[INFO] [stdout]   |
[INFO] [stdout] 5 | use std::sync::mpsc::{Select, Sender, Receiver, channel};
[INFO] [stdout]   |                       ^^^^^^ no `Select` in `sync::mpsc`
[INFO] [stdout] 
[INFO] [stdout] 
[INFO] [stdout] error[E0601]: `main` function not found in crate `workflow`
[INFO] [stdout]    --> src/main.rs:1:1
[INFO] [stdout]     |
[INFO] [stdout] 1   | / #![feature(mpsc_select)]
[INFO] [stdout] 2   | |
[INFO] [stdout] 3   | | use std::cell::Cell;
[INFO] [stdout] 4   | | use std::collections::{HashMap, VecDeque};
[INFO] [stdout] ...   |
[INFO] [stdout] 263 | |     }
[INFO] [stdout] 264 | | }
[INFO] [stdout]     | |_^ consider adding a `main` function to `src/main.rs`
[INFO] [stdout] 
[INFO] [stdout] 
[INFO] [stdout] error: aborting due to 2 previous errors
[INFO] [stdout] 
[INFO] [stdout] 
[INFO] [stdout] Some errors have detailed explanations: E0432, E0601.
[INFO] [stdout] 
[INFO] [stdout] For more information about an error, try `rustc --explain E0432`.
[INFO] [stdout] 
[INFO] [stdout] error: aborting due to previous error
[INFO] [stdout] 
[INFO] [stdout] 
[INFO] [stdout] For more information about this error, try `rustc --explain E0432`.
[INFO] [stdout] 
[INFO] [stderr] error: could not compile `workflow`.
[INFO] [stderr] 
[INFO] [stderr] To learn more, run the command again with --verbose.
[INFO] [stderr] warning: build failed, waiting for other jobs to finish...
[INFO] [stderr] error: build failed
[INFO] running `Command { std: "docker" "inspect" "53a72fa1ec133d5d2f11848741c5c48530f2d24d14b02862038d20222372b033", kill_on_drop: false }`
[INFO] running `Command { std: "docker" "rm" "-f" "53a72fa1ec133d5d2f11848741c5c48530f2d24d14b02862038d20222372b033", kill_on_drop: false }`
[INFO] [stdout] 53a72fa1ec133d5d2f11848741c5c48530f2d24d14b02862038d20222372b033
